te c(n).
6
Let u(a) = -a**2 + 3*a. Let p(r) = -r**2 + 5*r - 1. Let d(n) = -3*p(n) + 4*u(n). Give d(-8).
-37
Let n be 7*(5/(20/24) + -5). Let x(w) = -1 - 4 - 2*w + 3. What is x(n)?
-16
Let o(u) = -3*u**3 + 3*u**2 - 4*u. Let a(g) = g**3 + g**2. Let v be 2 - ((-1)/(-4) - 6/24). Let q(l) = v*a(l) + o(l). Give q(3).
6
Let t(u) = -1 + 0*u**2 - 4*u + 0*u - 9*u + u**2. Let a be ((-52)/(-6))/(41/3 - 13). Determine t(a).
-1
Suppose 5*s + 3*h - 94 = 0, 5*h - 29 = -3*s + 21. Suppose 2*v - 6*v = -s. Let j(x) = -4*x - x**3 + 3 + 3*x + 4*x**2 + 5*x. Give j(v).
-2
Let r(v) = v**2 + 1 - 2 + 2 + 2*v. Let h be (-77)/(-14) - 6/4. Suppose 0 = -5*l + 4*x - 18, -h*l + 2*x = -8 + 20. Determine r(l).
1
Suppose n - c - 12 = -n, 5*n = 2*c + 28. Suppose -5*t - 2*r = -14, -2 = -2*t - n*r - 6. Suppose 0 = t*k - 9*k. Let x(q) = -q + 8. Calculate x(k).
8
Let k(q) be the first derivative of -1/20*q**5 + 3*q**2 - 6*q + 5 + 1/6*q**3 - 1/12*q**4. Let l(y) be the first derivative of k(y). Determine l(0).
6
Let f(w) = -w - 5. Let v = 345 + -349. What is f(v)?
-1
Let w(q) = q**3 - 6*q**2 - 5*q + 5. Let u(y) = -y**2 - y + 1. Let m(l) = 2*u(l) - w(l). Determine m(4).
9
Let n(v) = -v**3 - 17*v**2 - 17*v - 5. Let a be (4/1)/((-4)/(-16)*-1). Calculate n(a).
11
Let i(s) = -2*s + 1. Let d(k) = -k**3 - 12*k**2 + 13*k + 2. Suppose n + 4*n = -5*r - 70, 2*n - 2*r + 24 = 0. Let j be d(n). Determine i(j).
-3
Let d(g) = -1 - 4*g - 7*g + g**2 - 2 + 2*g + 5. Calculate d(9).
2
Let z(b) be the third derivative of -b**4/8 - 2*b**3/3 + 4*b**2. Suppose -30 = -9*v + 6. Determine z(v).
-16
Let w(v) = -2*v - 11. Let t = -3 - 3. Calculate w(t).
1
Let m(q) = -23*q**2 + 14*q**2 + 6*q - 12 + 10*q**2 + 18. Calculate m(-6).
6
Let r(m) = 3*m**2 + 4. Let w(h) = -2*h**2 - h - 2. Let p(b) = -3*r(b) - 5*w(b). Suppose 0 = -5*a - 20 - 10. Give p(a).
4
Let i(w) be the first derivative of w**5/60 - w**4/4 - 10*w**3/3 - 14. Let x(f) be the third derivative of i(f). What is x(5)?
4
Let b(y) = -99*y**2 + 3 + y**3 - 5*y + 95*y**2 - 5. What is b(5)?
-2
Let j(h) = h**3 - 3*h**2 - 5*h + 2. Let v(q) = q**2 + 4*q - 2. Let t = 14 + -10. Suppose 0 = -z + t*g - 9, 6*g = -z + g. Let i be v(z). Determine j(i).
-13
Let c(f) = -2 + 17*f + 0*f**3 - 18*f - 4*f**2 - f**3. Suppose 0 = z + 2 - 0. Let w = z + -1. What is c(w)?
-8
Let d(w) be the first derivative of w**3/3 - w**2/2 + 2*w + 1. Let a be -12 - 494/(-39) - (-7)/3. Determine d(a).
8
Let r(g) be the third derivative of 4*g**2 + 0*g + 1/15*g**5 + 0 + 0*g**3 + 1/24*g**4. Give r(1).
5
Let c(k) be the second derivative of k**7/280 - k**6/180 - k**5/120 + k**4/24 - 7*k**3/6 + 3*k. Let p(h) be the second derivative of c(h). What is p(2)?
15
Suppose 83 - 23 = 3*b. Let a(v) = -10 + 4 - 18*v + b*v. What is a(6)?
6
Let b(j) = j**2 - 4*j + 3. Suppose 0 = -2*m - 0*m + 8. Suppose -m*p + 3*p + 1 = 0. Let r be p + -2 + 8 + -5. What is b(r)?
-1
Let a(l) = l**2 - 8*l + 6. Let h(j) = 7*j**3 - j**2 + 6*j - 10. Let t(i) = -6*i**3 + i**2 - 5*i + 9. Let y(v) = 5*h(v) + 6*t(v). Let p be y(0). Give a(p).
-10
Let d(w) be the second derivative of -4*w**4/3 - w**3/6 + 8*w + 2. Give d(1).
-17
Let j be ((-12)/8)/((-3)/10). Let k(z) = z**2 - z - 5. Let a be k(4). Suppose -a = -2*w - j. Let x(q) = q**2 - 2*q. Calculate x(w).
-1
Let v(m) = -2*m**3 + 15*m**2 - 5*m - 7. Let k be 14/(-21)*(-1 - (-76)/(-8)). Determine v(k).
7
Let o(a) = a**2 - 7*a - 5. Let z = 254 - 245. Determine o(z).
13
Let o(f) = f. Let m(q) = -2*q + 1. Let c be m(-3). Suppose c*d - 42 = 98. Suppose 0 = 4*s - 4 + d. Determine o(s).
-4
Let f(n) = 11*n - 42. Let c be f(8). Let i be (23/c)/((-2)/4). Let m(q) = -q**2 - q. Give m(i).
0
Let a(n) be the third derivative of 0 + 0*n - 2*n**2 + 1/24*n**4 - 2/3*n**3. Let u be (2*6/4)/1. Give a(u).
-1
Let g = -22 + 4. Let z be (8/(-6))/(g/81). Let l(q) = 2*q. What is l(z)?
12
Let o(d) = -d**2 - 18*d - 2. Suppose 0 = 5*h - 5*v + 75, -5*v + 39 = -3*h - 0*h. Determine o(h).
-2
Let v(h) = 5*h**2 - 3*h - 5. Let f(u) = -3*u**2 + u + 2. Let z(o) = -7*f(o) - 4*v(o). Let p = 24 + -8. Suppose 2*t - a = a - p, 4*t = -4*a. Give z(t).
2
Let v(r) = -13*r + 6. Let g(d) = -2*d + 1. Let z(k) = 22*g(k) - 4*v(k). Give z(1).
6
Suppose -2*z - 2*z - f = -93, 33 = 2*z + 5*f. Let j be (0 + 4 - 5) + 4 - 0. Let b(k) = -22 + z - k + j*k. What is b(-4)?
-6
Let v(z) = z**3 - z**2 - 9*z + 1. Let b(j) = -40*j + 157. Let u be b(4). Calculate v(u).
-8
Let o(k) be the third derivative of 1/12*k**4 - 12*k**2 + 0*k + 0*k**3 + 0. What is o(1)?
2
Let y be 10/4*42/35. Let d(c) = -2*c + y*c + 0*c + 0*c. Let f = -15 + 13. Give d(f).
-2
Suppose 4*r = -0*r. Suppose 16*c = 19*c - 6. Let u(k) = 5 + 3*k - 3*k + 849*k**c - 850*k**2. Calculate u(r).
5
Let y be (20/6)/(8/36). Let g = y - 15. Let w(u) = u - 8. What is w(g)?
-8
Let g(s) = -s**3 + 5*s**2 + 6*s. Suppose 5*h - 6 = -i - 1, 0 = h - 2*i + 10. Suppose h = 2*o - 17 + 5. Calculate g(o).
0
Let k(g) = 22*g - 1. Let f(n) = n**2 + 2*n - 9. Let t be f(-4). Let l be (-3 - -2)*t/1. Determine k(l).
21
Suppose -3 = -t - 1. Let b(c) = 10*c**3 - 29*c**3 - c**t + 19 + 23 - 41. Calculate b(-1).
19
Suppose v = -2, -r + 2*v = 4 - 13. Suppose -r*w - 21 = -41. Let t(i) = i - 2. Give t(w).
2
Let m(p) = -1 + p + p - 1. Suppose 4*g - 5*w = 11, -7*g + 11*g - 15 = w. Determine m(g).
6
Let j be 160/28 + 36/126. Let g(i) = 4*i + 2. Let w(y) = -3*y - 3. Suppose 4*r + 20 = -0. Let k(f) = r*w(f) - 4*g(f). Give k(j).
1
Let a(n) = 7*n**3 + n. Let q be 0*-3*4/(-12). Suppose -4*k - 20 = -4*v, -4*v = k - q*k - 35. Suppose 2*l = -4*w - v, 1 = -l - 1. Calculate a(w).
-8
Let q(f) = -3*f**3 + 8*f**2 - 2*f - 11. Let h(i) = 16*i**3 - 39*i**2 + 8*i + 53. Let w(j) = -2*h(j) - 11*q(j). What is w(9)?
-12
Let h be (-4)/28 + (-114)/(-14). Let l(v) = v + 7 - 19 + 4 + 6. Give l(h).
6
Let u be (-10)/14 - (-2)/(-7). Let i(j) be the first derivative of -4*j**3/3 + j - 2545. What is i(u)?
-3
Let z(a) = -a + 2. Let k be z(0). Suppose -2*v + 2*o + 76 = 2*v, 48 = 2*v + 4*o. Suppose -3*t - v = k*t. Let g(x) = -x**3 - 4*x**2 + 2*x + 6. Determine g(t).
-2
Suppose 27 = 7*w - 1. Let l(b) = -b**2 + 4*b + 3. Calculate l(w).
3
Let m = 103 - 99. Let u(w) = 5*w**2 - 2*w - 6. Let d(y) = 14*y**2 - 7*y - 17. Let z(a) = 3*d(a) - 8*u(a). Calculate z(m).
9
Let t(p) = p**3 + 6*p**2 + 4*p - 4. Let u be (-8 + 3)*((-25)/(-5))/5. Calculate t(u).
1
Suppose -i - 12 = -14. Let n(u) be the second derivative of -u**4/12 + u**3/6 + u**2/2 - 13*u. Give n(i).
-1
Let i(v) = v**2 + 27*v + 181. Let c be i(-13). Let h(b) = -19*b**2 - 2*b - 1. Give h(c).
-18
Let g(w) = 4*w**2 - 3*w + 4. Let i(v) = v**2 - 2*v. Let f(p) = -g(p) + 5*i(p). Give f(7).
-4
Suppose 20 = -s + 5*s. Let r(l) be the third derivative of l**7/5040 - 7*l**6/720 - l**5/30 + l**2. Let m(g) be the third derivative of r(g). Determine m(s).
-2
Let t be (5/10)/(5/110). Suppose 3*w - 2*b + 4 = 2*w, -3*b = -2*w - 9. Let n(y) = 9*y + 9. Let d(k) = 4*k + 5. Let v(j) = t*d(j) + w*n(j). Calculate v(1).
-9
Let w(d) = -5*d - 11. Suppose -6 + 0 = k. Give w(k).
19
Let k(a) = -2*a**3 - 23*a**2 - 21*a - 5. Let c(l) = l**3 + 12*l**2 + 11*l + 4. Let n(z) = 7*c(z) + 4*k(z). Give n(-6).
-22
Let g(i) = 6*i. Suppose -2 + 50 = 6*w. Suppose 7 + 1 = w*h. What is g(h)?
6
Suppose -2*w + 9 + 3 = 0. Let a = -4 + w. Suppose a*f - 3 = 3*f. Let k(j) = j**3 + 2*j**2 + 3. Give k(f).
-6
Let t(j) = 2*j - 3. Let s(z) = 5 + 0 + 0 - 6. Let x = 30 + -27. Let p(h) = x*s(h) - t(h). What is p(6)?
-12
Let f(k) = 5*k**3 + 28*k**2 - 11*k + 18. Let v(p) = 2*p**3 + 13*p**2 - 5*p + 9. Let w(y) = -3*f(y) + 7*v(y). Let a = 22 + -15. Calculate w(a).
-5
Let f(n) = n**3 - 6*n**2 + 5*n - 7. Suppose -3*k = 2*o - 1, 100 = -4*o + k + 123. Determine f(o).
-7
Let y(l) = -5*l**3 + 2*l**2 + 11*l**2 - 3 + 6*l**3 + 11*l - 2. What is y(-12)?
7
Let g(t) = -t**2 + t - 1. Let z = 16 + -13. Suppose z*j = -0*j + 12. Let b(k) = k**3 - 8*k**2 + 4*k - 3. Let u(l) = j*g(l) - b(l). Calculate u(4).
-1
Let r(t) = t**2 + 35*t - 3. Let g be r(-35). Let x(k) = -k**3 - 3*k**2 + k + 7. What is x(g)?
4
Let d(c) = -c**2 - 4*c - 4. Suppose 9*n - 15 = 4*n. Suppose -4*f = n*t + 12, -t = f + t + 3. Calculate d(f).
-1
Let f(d) = -d**3 - d**2 + 2*d + 3. Let j = -42 + 62. Let b = 17 - j. Calculate f(b).
15
Let h(g) be the second derivative of 5*g**3/6 + 9*g**2/2 - 23*g + 1. Give h(-8).
-31
Let d(j) = j*